. Suppose -t - f = -97. List the prime factors of t.
2, 31
Let d be 504/104 + 4/26. Suppose -3*o - 93 = -2*u, -5*u + 79 = d*o - 91. What are the prime factors of u?
3, 13
Suppose -1 = 5*i - 4*l - 28, -3*l + 6 = 5*i. Suppose -73 = -u + i*k, 5*u = u - 5*k + 241. What are the prime factors of u?
2
Let q(y) = 2 - 13*y**2 + 28*y**2 - 2 + y - 2. What are the prime factors of q(-2)?
2, 7
Let a = 246 + -360. Let y = 182 + a. What are the prime factors of y?
2, 17
Suppose 49*w - 50*w = -3*m - 2807, 2*w - 5618 = 2*m. What are the prime factors of w?
2, 5, 281
Let o = 8 - 3. Suppose o*q + 192 = 3*c, -5*c + q + 292 = 2*q. Let d = -36 + c. List the prime factors of d.
23
Let d(c) = -c**3 + 15*c**2 - 13*c - 12. Let z be d(14). Let v(a) = -1 - 2 - 2 + 18*a - 5*a**z - a**3 - 9*a. List the prime factors of v(-7).
2, 3, 5
Let d be -3*(-4)/(-6) + 6. Suppose -5*x + 14 = 2*u, 0 = -x - 0*u + 3*u - d. What are the prime factors of 2/4*60/x?
3, 5
Let r = -650 + 1548. What are the prime factors of r?
2, 449
Let x(z) = 8*z - z + 13 - 6*z. Let m be x(-8). Suppose -m*h + 29 + 106 = 0. What are the prime factors of h?
3
Let f be (-123)/(-6) - (-2)/4. Suppose -f - 15 = -6*q. What are the prime factors of q?
2, 3
Let v = 483 + -315. List the prime factors of v.
2, 3, 7
Let v = 37 - 39. Suppose -9 - 23 = -4*w. Let n = w + v. What are the prime factors of n?
2, 3
Suppose 11*w - 9329 + 2487 = 0. What are the prime factors of w?
2, 311
Let b(y) = -y**2 + 13*y - 3. Let q be b(13). Let o = q + 3. Suppose -4*m - 10 + 70 = o. What are the prime factors of m?
3, 5
Let u = 1404 + -1045. List the prime factors of u.
359
List the prime factors of -2 + 227*(-6)/(-12)*2.
3, 5
Let n(w) = 6*w**2 - w**3 + 18*w + 2 + w - 24*w. Let d(k) = -k**2 + 7*k - 2. Let g be d(6). What are the prime factors of n(g)?
2, 7
Suppose -26*p = -28*p - 200. Let m = p + 246. What are the prime factors of m?
2, 73
Suppose 0 = 5*u + 5*r - 4040 + 580, -3*u = -5*r - 2068. What are the prime factors of u?
691
List the prime factors of 145469/119 - -6*1/(-14).
2, 13, 47
Suppose 4*l = 2*l + 10. List the prime factors of ((-26)/10)/((-1)/l).
13
Let j be 1/(((-36)/16)/(-9)). What are the prime factors of (-36)/(-54)*18/j?
3
Let k = 2105 - 619. What are the prime factors of k?
2, 743
Suppose -10*y + 2964 = -696. List the prime factors of y.
2, 3, 61
Suppose -5*y = -2*a - 12, 4*y + 4 = 3*a + 15. Let m(z) = 11*z + 4*z**2 - z - y - 2*z**2 - 4*z. List the prime factors of m(-5).
2, 3
Suppose -u = -k + 13, -3*u = 4*k - u - 28. Suppose -k*i - 2*j + 768 = -4*i, 0 = -4*i + 5*j + 621. List the prime factors of i.
2, 7, 11
Let d = -5 - -8. Suppose d*n - w + 46 = 4*w, n = -5*w - 42. What are the prime factors of (-4)/n - (-388)/44?
3
Let p(i) = i**3 - 5*i**2 + 1. Let t be p(5). List the prime factors of 3 + t + -3 + 33.
2, 17
Let m = 173 + -156. Let k be (-2)/2 + (6 - 2). Suppose k*a + 2*b = m, 2*b - b = 4. What are the prime factors of a?
3
Let j(a) = 2*a**2 - 15*a - 7. Let q be j(-6). Let o = q + -67. List the prime factors of o.
2, 11
What are the prime factors of ((-1707)/(-4))/(290/(-40) - -8)?
569
Suppose 5*z + 980 = 2*y, 1960 = 4*y - 0*y + 3*z. List the prime factors of y.
2, 5, 7
Suppose 0 = 16*r - 13*r - 2496. What are the prime factors of r?
2, 13
Suppose -d = -2*i - 5*d - 2, -4*i - 4 = -4*d. List the prime factors of ((-6)/(-3))/(i/((-227)/2)).
227
What are the prime factors of 7213/4 + (-32)/128?
3, 601
Suppose -g - 5*n = -5956, -8*n - 11912 = -2*g - 12*n. List the prime factors of g.
2, 1489
Let w be ((-4)/8 + 1)/1*-78. List the prime factors of 4015/13 - -4 - 6/w.
313
Let z(j) = -22*j + 21. Let v = 66 + -72. List the prime factors of z(v).
3, 17
Let x(p) = -p**3 + 12*p**2 - 25*p - 32. List the prime factors of x(5).
2, 3
Suppose -5*d - 4*n + 42 = 0, 3*d + d - 27 = -n. Suppose -70 + d = -2*q. List the prime factors of q.
2
Suppose 12 = -4*q, q - 579 - 330 = -3*i. Suppose a + 77 = y, -2*a - 3*a = -4*y + i. List the prime factors of y.
3
Let a(w) = 38*w**2 - 10*w - 16. Let z be -1 + 3*(-1)/3. What are the prime factors of a(z)?
2, 3, 13
What are the prime factors of (-6 - -8)/((-14)/(-7413))?
3, 353
Let j(p) = p + 7. Let u be j(-7). Suppose u = -0*g + 3*g - 15. Suppose -3*a = 4*s - 154, g*s + 3*a = 46 + 145. What are the prime factors of s?
37
What are the prime factors of (-286)/((4/12)/(2/(-12)))?
11, 13
Let x = -33 + 56. Suppose 2*h = 23 + x. What are the prime factors of h?
23
List the prime factors of (-7 - -3 - 19)*-111.
3, 23, 37
Let f(z) = -z**3 - 2*z**2 - 3*z - 32. List the prime factors of f(-11).
2, 5, 109
Let a = 18 + -17. Let r(d) = 2 + 2*d + a + d + 2. What are the prime factors of r(10)?
5, 7
Let f(z) = -6*z**3 - 4*z**2 + 5*z + 5. Let q be f(-4). Let x = q + -89. What are the prime factors of x?
2, 3
Let u be 1 + -5 + 1 + 18. Let q(j) = 9*j**2 + j + 1. Let t be q(-2). Let w = t - u. List the prime factors of w.
2, 5
Let c be (-11)/(-3)*(-5 + 8). Suppose -4*h + 9 = -c. Suppose y - h*f - 1 = 20, 4*y - f = 84. What are the prime factors of y?
3, 7
Let f be 2/(-6) - (-384)/18. Let v = 60 + f. What are the prime factors of v?
3
Let c be (-11)/((3 + 2)/(-5)). Suppose c*t = 14*t - 375. Suppose -3*o + 7 = -t. What are the prime factors of o?
2, 11
Let q be (-4193)/(-14) - 1/2. Suppose 6*p - 7 = q. List the prime factors of p.
3, 17
List the prime factors of 312000/190 + (-18)/171.
2, 821
Suppose -25*d + 206 = -23*d. Let h = 2 + d. List the prime factors of h.
3, 5, 7
Let h(v) = 2*v - 3. Let i be h(4). Suppose 0 = -i*f + 282 - 37. Let t = -23 + f. What are the prime factors of t?
2, 13
Suppose 10 = -3*x + 4*x. Let m be (-5)/x + 29/(-2). Let t = 40 - m. List the prime factors of t.
5, 11
Let c be (-3 - 8*-1) + -3. Suppose -c*v - 3 = v. List the prime factors of -7*(v + -2 + -2).
5, 7
Let h be 1/2*(1 - 3). Let k(b) = 70*b**2 + 2*b + 1. What are the prime factors of k(h)?
3, 23
Suppose 55*z - 104173 - 62862 = 0. List the prime factors of z.
3037
Let x = 87 + 54. Suppose -9*j + 6*j = -x. What are the prime factors of j?
47
Suppose -4*s = -2*s + 6, -5*m - 4*s + 1218 = 0. Suppose -3*a = -2*o + 211, o + 4*a = -o + m. List the prime factors of o.
113
Suppose -4*k + 0*q = -5*q - 51, k = -3*q. What are the prime factors of (-149)/6*(-15 + k)?
149
Let q(g) = -97*g + 2. Let f(y) = y**2 + 11*y - 1. Let u be f(-11). What are the prime factors of q(u)?
3, 11
Let h = -12829 + 18459. List the prime factors of h.
2, 5, 563
Let l(x) = x**3 + 6*x**2 + 9*x + 33. Let t be l(-7). Let y = 353 + t. What are the prime factors of y?
2, 137
Let u = -111 + 118. List the prime factors of ((-4)/(-18) - (-272)/153) + u.
3
Suppose 112 = m + 15*m. Suppose -m*q + 1712 = q. List the prime factors of q.
2, 107
What are the prime factors of (-6094)/(-4)*(-4)/(-2)?
11, 277
Suppose 20 = -5*v + 10*v. Suppose -57 + 5 = -3*a - v*z, -5*a - 5*z + 90 = 0. List the prime factors of a.
2, 5
Let g(p) = p**3 - 3*p**2 - 11*p + 4. Let r be 1/((-3)/(-1*21))*1. List the prime factors of g(r).
3, 41
Let d(p) = -p**3 + 17*p**2 + 18*p + 40. What are the prime factors of d(17)?
2, 173
Suppose -2*f + 5*u = -33, 0 = -4*u - 3 - 9. Suppose a = 28 + f. What are the prime factors of a?
37
Suppose -5*x = -2*g - 3*g + 1600, 5*g = 2*x + 1597. What are the prime factors of g?
11, 29
Let m be 0 - -8*(6/(-4))/(-3). Suppose 121 = -3*i - 4*b + 348, -5*i = -m*b - 389. What are the prime factors of i?
7, 11
Suppose 3*i = -12*i - 45. Let b(c) = 15*c**2 - 5*c - 8. List the prime factors of b(i).
2, 71
Let p = -27 - -29. Suppose p*w - 71 - 27 = 0. List the prime factors of w.
7
Suppose -p = 2*b - 0 + 2, -4*b - 12 = p. Let c = 5 - p. What are the prime factors of (-4)/c*6/4?
2
Suppose 17*o - 795 = 4. What are the prime factors of o?
47
Let o(i) = i**2 - 4*i + 1. Let z = 24 - 20. Let l = 3 + z. What are the prime factors of o(l)?
2, 11
Suppose -38098 = -52*b - 12254. List the prime factors of b.
7, 71
Let i = 26 + -26. Suppose i = 20*s - 19*s - 19. What are the prime factors of s?
19
Suppose y = 4*b - 2366, 0*b = 4*b + 4*y - 2376. Suppose -6*n + b = -2*n. What are the prime factors of n?
2, 37
Suppose -3*o = 4*d - 6, -3*d + 0 = 3*o - 3. Let k(b) = -2*b - d*b - 12 - 4*b. What are the prime factors of k(-5)?
3, 11
Let l(a) be the second derivative of 1/2*a**2 + 11/6*a**3 - 7*a + 0 - 1/12*a*